 4*m = 5*l - 34. Suppose 18 = l*u + 6. Let f = 2 + u. List the prime factors of f.
2
Let r be (80/12)/(2/(-30)). Suppose 217 = -5*d + k, 0 = 3*d - 0*d - k + 131. Let c = d - r. What are the prime factors of c?
3, 19
Let w = -1206 - -1292. Suppose 0 = 3*a + 188 - 38. Let k = a + w. List the prime factors of k.
2, 3
Let v be 4/(-6)*(-42)/4. List the prime factors of (v/((-84)/(-27)))/((-1)/(-36)).
3
Let t(l) = -2*l**3 + 8*l**2 + 5*l - 6. Let b be t(4). Suppose -w = w - b. What are the prime factors of w?
7
Let c be 0 + -3 - (1 - 13). Suppose -c*m = -13*m + 20. Suppose 5*d + g - 245 = -4*g, m*d - g - 215 = 0. What are the prime factors of d?
2, 11
Suppose 6*x - 2839 = 3*x + 4*l, 3*l + 12 = 0. What are the prime factors of x?
941
Let p = 1905 - -421. List the prime factors of p.
2, 1163
Let a = 229 - 175. What are the prime factors of a?
2, 3
Let s(k) = -41*k**3 + k**2 + k + 3. List the prime factors of s(-2).
3, 37
Suppose -726 = -12*u + 3570. List the prime factors of u.
2, 179
List the prime factors of 210 - ((-2)/(-2) + -5).
2, 107
Suppose 3*o - 44 - 49 = 0. What are the prime factors of o - (-4 - 0) - 3?
2
Let p(j) = j**3 + 9*j**2 - j - 5. Suppose c - 2*c = 9. Let f be p(c). Suppose -f = i - 4*u - u, -3*i + 4*u = -10. List the prime factors of i.
2, 3
Let v = 657 + -208. What are the prime factors of v?
449
Suppose -106*v = -81*v - 750. What are the prime factors of v?
2, 3, 5
List the prime factors of -5*(-4 + 5) - (8 - 1194).
1181
Suppose -12 - 48 = -5*v. Suppose -v*r - 305 = -17*r. What are the prime factors of r?
61
Let w = -301 - -304. What are the prime factors of w?
3
What are the prime factors of (1136/4)/(-1)*(-45)/18?
2, 5, 71
Suppose -3*x + 3290 = -1885. What are the prime factors of 1/(-4) + x/20?
2, 43
Suppose 7*v - 8 = 3*v. Let p(d) = -4*d**2 - d**3 + 2*d**2 - 5*d + 8*d**v + 3*d**2 + 5. List the prime factors of p(8).
29
Suppose 4*m - 5*k = 650, 2*k = -2*m + k + 318. Suppose 5*w = d + m, -6*d = -3*d. What are the prime factors of w?
2
What are the prime factors of ((-4)/(16/(-1182)))/((-2)/(-4))?
3, 197
Let v(w) = 29*w**2 - w. Let p be v(-1). Let t be (-33)/(-5) - (-12)/p. Suppose -2*q + t + 35 = 0. List the prime factors of q.
3, 7
Let q be 808/20 + 6/(-15). Suppose 5*p = p + q. Let a(n) = 4*n - 10. List the prime factors of a(p).
2, 3, 5
Suppose 0 = 2*p - 0*p - 8. Suppose p*d + 116 = t, -4*t + 0*d + 4*d + 428 = 0. Suppose -x - t = -4*q, 3*q - 77 = x + 1. List the prime factors of q.
2, 13
Let g be 37/(0 + 4 - 3). Let j = g - 11. What are the prime factors of j?
2, 13
Let o be ((-346)/(-4))/((-17)/(-34)). Let l = o + -118. List the prime factors of l.
5, 11
Suppose 4*k - 3*s + 93 = 0, 3*s - 90 = 5*k + 24. Let o = k + 36. List the prime factors of o/(-3)*(-12)/20.
3
Let k be 968/20 - 2/5. Let z = -19 - -21. Suppose 0 = -2*x - z*x + k. List the prime factors of x.
2, 3
Let v(g) = 9*g**2 + 2*g + 4. Suppose 2*i - 2*a + 14 = a, -2*i + 2*a - 12 = 0. What are the prime factors of v(i)?
2, 5, 7
Let j(i) = -484*i - 8. List the prime factors of j(-1).
2, 7, 17
Let o(n) = n**2 - n. Let v be o(0). Suppose -h - h + 78 = v. Suppose -4*c = 3*w - h, -4*w + 25 + 37 = 2*c. What are the prime factors of w?
17
What are the prime factors of ((-364)/117)/(-14) + 13928/18?
2, 3, 43
Let h = 1246 + -725. List the prime factors of h.
521
Let u(f) = 2*f**2 - 16*f - 57. List the prime factors of u(-11).
19
Suppose -5*q - 7 - 13 = 0. List the prime factors of q/10 + (41552/(-35))/(-8).
2, 37
Suppose -1136 = -j + 3*w, 3*j + 3*w - 629 = 2743. What are the prime factors of j?
7, 23
Let n(q) = 2*q**2 - 59*q - 7. Let i(r) = 2*r**2 - 59*r - 6. Let d(z) = 6*i(z) - 7*n(z). List the prime factors of d(28).
97
Let m(d) = 158*d + 3. List the prime factors of m(3).
3, 53
Let q = -2277 - -8087. What are the prime factors of q?
2, 5, 7, 83
What are the prime factors of (-16)/12*(-726)/8?
11
Suppose 0 = -9*a + 3844 + 4985. What are the prime factors of a?
3, 109
Suppose 2*x + 0*p = -p + 278, x - p = 133. Suppose x = 2*y - 61. What are the prime factors of y?
3, 11
Let r be ((-15)/1)/(-3*3/252). Suppose -10*n + 12*n = r. What are the prime factors of n?
2, 3, 5, 7
Let f = 20 + -6. Let c = f + -12. Suppose 1 = -3*i + 5*o, -c*o - 2 = -2*i - 0. What are the prime factors of i?
3
Let f(i) = -1 + 107*i**3 - i**2 + i - 3*i + 3*i. What are the prime factors of f(1)?
2, 53
Let k be 3/((-6)/(-52)) + 4. What are the prime factors of (5 + -3)*k/4?
3, 5
Suppose 9*w - 5*w = 816. List the prime factors of w.
2, 3, 17
Let t(d) = d - 5. Let c be t(5). Let l(i) be the third derivative of -i**5/60 - i**4/24 + i**3 + 13*i**2. List the prime factors of l(c).
2, 3
Let o(y) = -1 + 15 + 11*y - 27. What are the prime factors of o(4)?
31
Let y(t) = -t + 8. Suppose 4*i + 2*p = 2, -4*i + p - 1 = -i. Let d be y(i). Suppose c = -4*l + 10, -2*c + d = 4*l - 24. List the prime factors of c.
2, 11
Let d be 72/21 - 9/21. Suppose -2*n - d*n + 300 = 0. Let p = n - 27. What are the prime factors of p?
3, 11
Let k(t) = t**3 + 3*t**2 - 8*t + 1. Let g be k(2). Let q = -1 + 1. Suppose 21 = 2*l + g*w, 0 = -5*l + 4*w - q + 36. What are the prime factors of l?
2
Let i(f) = -9*f + 11. Let t be i(-14). Let y = t + -88. What are the prime factors of y?
7
Let y(g) = 3*g**2 + 2 - 2 - 3*g + 3 - 2*g**2. Let s be y(5). Suppose 0 = 5*j - 77 - s. List the prime factors of j.
2, 3
Let k(y) = -33*y - 39. Let p(h) = -11*h - 13. Let v(l) = -4*k(l) + 11*p(l). List the prime factors of v(12).
5, 29
Suppose -4*i + h = -2917, h = 2*i - h - 1454. Let v = i + -486. List the prime factors of v.
2, 61
Let v(r) = -107*r - 1041 + 1032 + 14*r. List the prime factors of v(-2).
3, 59
Let q(a) be the third derivative of a**6/120 + a**5/6 - 5*a**4/12 + 7*a**3/6 - 7*a**2. Let l be q(-11). Let g = 18 + l. List the prime factors of g.
2, 7
Let l = -985 - -2300. What are the prime factors of l?
5, 263
Suppose 226 + 2096 = 3*w. What are the prime factors of w?
2, 3, 43
Suppose 36 = -4*f + 10*f. Suppose -2*s = -s - 3*x - 77, -f = -2*x. List the prime factors of s.
2, 43
Suppose -2*f = f - 54. Let d(w) = w - 21. Let o be d(f). What are the prime factors of -4 + 48*(-2)/o?
2, 7
Let q = 356 - 206. What are the prime factors of q?
2, 3, 5
Let a(o) be the second derivative of -5*o**3/6 - 13*o**2/2 + 14*o. List the prime factors of a(-11).
2, 3, 7
Let v(x) = -163*x - 180. List the prime factors of v(-6).
2, 3, 7, 19
Let d be ((-15)/6 + -2)*38/(-57). Suppose g - 10 - 10 = 0. Suppose d*o - 31 - g = 0. What are the prime factors of o?
17
Suppose -p + 4 = 3*p, 520 = 4*j - 4*p. Let b = -6 + 52. Suppose 0 = -3*q - 2*g + j, b = 5*q + 2*g - 171. List the prime factors of q.
43
Let d be 3860/36 + (-2)/9. Let y = d - 1. List the prime factors of y.
2, 53
Let u = -186 + 964. List the prime factors of u.
2, 389
Let b(z) = -97*z + 2. Let y be b(-1). Let q = y - 54. List the prime factors of q.
3, 5
Let x be (12/21)/((-2)/(-14)). Suppose h = -x*s + 161, 3*s - 5*s + 805 = 5*h. List the prime factors of h.
7, 23
Let n(b) = -255*b**3 - 4*b**2 + 5*b + 7. List the prime factors of n(-2).
43, 47
Let g(r) = 2*r + 28. Let k = 4 + -4. What are the prime factors of g(k)?
2, 7
Let u = -8 + 22. Let r = u - 9. Suppose -4*n + 36 = -2*l - 2*l, -r*n = -l - 57. List the prime factors of n.
2, 3
Suppose 29001 + 9835 = 19*b. List the prime factors of b.
2, 7, 73
Let h(g) = -g**2 - 3*g + 8. Let p(o) = -o**2 + o - 1. Let i(d) = -h(d) - 3*p(d). What are the prime factors of i(6)?
139
Suppose 8*o + 72 = 2*o. What are the prime factors of (0 + 1)*3/o*-92?
23
Suppose -15 = 3*t + 2*t. List the prime factors of (-2)/t - (-278)/6.
47
Suppose -152*y - 26720 = -160*y. What are the prime factors of y?
2, 5, 167
Suppose 5*d + 0*s - 1720 = -2*s, 3*d - 3*s = 1011. What are the prime factors of d?
2, 3, 19
List the prime factors of (8 - 5)*185/(3 - -2).
3, 37
Suppose 5*y + 5*w + 759 = 4249, 5*w = -y + 698. What are the prime factors of y?
2, 349
Let z(o) be the first derivative of -o**4/4 + 3*o**3 - 7*o**2 + 8*o + 2. What are the prime factors of z(6)?
2
Let b be ((-13)/(-2))/((-4)/(-8)). Suppose -n + 96 = b. List the prime factors of n.
83
Suppose 5*w - 2*i - 287 = 0, -2*w = -w + 5*i - 52. Let p = -17 + w. What are the prime factors of p?
2, 5
Let h = -126 + 352. List the prime factors of h.
2, 11